y 9218.
310
Calculate the remainder when 922321 is divided by 45.
1
Calculate the remainder when 98808 is divided by 2703.
1500
What is the remainder when 1718657 is divided by 39967?
76
Calculate the remainder when 2041824 is divided by 966.
666
What is the remainder when 21242410 is divided by 58519?
13
What is the remainder when 722844 is divided by 38041?
65
What is the remainder when 16258291 is divided by 701?
699
What is the remainder when 154606 is divided by 199?
182
Calculate the remainder when 135864007 is divided by 49.
41
What is the remainder when 9956823 is divided by 813?
12
What is the remainder when 314776 is divided by 31355?
1226
What is the remainder when 616456 is divided by 1119?
1006
Calculate the remainder when 1155348363 is divided by 1061.
1060
Calculate the remainder when 239624 is divided by 1150.
424
Calculate the remainder when 282175 is divided by 34.
9
What is the remainder when 1791864 is divided by 597206?
246
What is the remainder when 232979 is divided by 9707?
11
Calculate the remainder when 330331480 is divided by 78.
76
What is the remainder when 328378 is divided by 1298?
1282
What is the remainder when 7882530 is divided by 307?
305
What is the remainder when 13566 is divided by 6621?
324
What is the remainder when 357758 is divided by 266?
254
Calculate the remainder when 1741550 is divided by 20.
10
Calculate the remainder when 1326130 is divided by 6.
4
Calculate the remainder when 14331932 is divided by 7165965.
2
What is the remainder when 534505 is divided by 535?
40
Calculate the remainder when 26395 is divided by 18101.
8294
Calculate the remainder when 2012589 is divided by 32458.
193
What is the remainder when 216951 is divided by 232?
31
What is the remainder when 3305326 is divided by 1861?
190
What is the remainder when 1195923 is divided by 63?
57
Calculate the remainder when 815964 is divided by 54379.
279
What is the remainder when 51910636 is divided by 282123?
4
Calculate the remainder when 8280240 is divided by 83.
77
Calculate the remainder when 14168616 is divided by 491.
320
Calculate the remainder when 498606 is divided by 6925.
6
What is the remainder when 4086908 is divided by 7755?
23
What is the remainder when 42414 is divided by 3928?
3134
Calculate the remainder when 135971638 is divided by 2844.
2842
What is the remainder when 138515937 is divided by 4?
1
Calculate the remainder when 41536 is divided by 8103.
1021
What is the remainder when 46868407 is divided by 34?
19
Calculate the remainder when 16250685 is divided by 1829.
20
Calculate the remainder when 96627194 is divided by 3101.
34
Calculate the remainder when 3075118 is divided by 192193.
30
Calculate the remainder when 105327 is divided by 42.
33
What is the remainder when 220867 is divided by 218473?
2394
Calculate the remainder when 198392 is divided by 1415.
292
Calculate the remainder when 2038775 is divided by 2587.
219
What is the remainder when 74736 is divided by 4221?
2979
What is the remainder when 7660147 is divided by 44?
11
Calculate the remainder when 28991 is divided by 591.
32
Calculate the remainder when 128274850 is divided by 1531.
15
Calculate the remainder when 4070676 is divided by 933.
930
Calculate the remainder when 639982 is divided by 319971.
40
What is the remainder when 9961584 is divided by 47663?
17
Calculate the remainder when 7920009 is divided by 2112.
9
What is the remainder when 24936013 is divided by 192?
13
Calculate the remainder when 3992093 is divided by 7325.
7293
Calculate the remainder when 2461822 is divided by 3062.
3036
Calculate the remainder when 9721087 is divided by 806.
727
Calculate the remainder when 626116 is divided by 13105.
10181
Calculate the remainder when 4285861 is divided by 998.
449
Calculate the remainder when 4291315 is divided by 715199.
121
Calculate the remainder when 58379815 is divided by 122.
9
Calculate the remainder when 35804 is divided by 143.
54
What is the remainder when 79004846 is divided by 1805?
1801
Calculate the remainder when 28898369 is divided by 1138.
1135
Calculate the remainder when 3437794 is divided by 381977.
1
Calculate the remainder when 61714941 is divided by 4140.
4101
Calculate the remainder when 19319 is divided by 4166.
2655
What is the remainder when 83653 is divided by 13739?
1219
What is the remainder when 8815 is divided by 680?
655
Calculate the remainder when 4789098 is divided by 577.
575
What is the remainder when 7169 is divided by 6974?
195
Calculate the remainder when 7054251 is divided by 113.
0
Calculate the remainder when 73824 is divided by 2949.
99
What is the remainder when 835741 is divided by 4179?
4120
What is the remainder when 145489 is divided by 1583?
1436
What is the remainder when 414550 is divided by 423?
10
Calculate the remainder when 39524348 is divided by 1536.
1532
What is the remainder when 281767 is divided by 1583?
1576
Calculate the remainder when 1329987 is divided by 113.
90
Calculate the remainder when 1887039 is divided by 1782.
1683
What is the remainder when 7262537 is divided by 93?
74
Calculate the remainder when 5813691 is divided by 681.
675
What is the remainder when 365446 is divided by 288?
262
Calculate the remainder when 108153 is divided by 52706.
2741
Calculate the remainder when 77894122 is divided by 7.
5
What is the remainder when 188403625 is divided by 49?
46
Calculate the remainder when 10092 is divided by 662.
162
What is the remainder when 40168 is divided by 726?
238
Calculate the remainder when 53436627 is divided by 8906101.
21
Calculate the remainder when 281690 is divided by 582.
2
Calculate the remainder when 140858 is divided by 597.
563
What is the remainder when 280706 is divided by 18694?
296
What is the remainder when 1309690 is divided by 24711?
7
What is the remainder when 993506 is divided by 7305?
26
Calculate the remainder when 196778 is divided by 62339.
9761
Calculate the remainder when 3221 is divided by 796.
37
Calculate the remainder when 29318 is divided by 1263.
269
Calculate the remainder when 15507347 is divided by 1452.
1439
What is the remainder when 5190629 is divided by 2595304?
21
Calculate the remainder when 114595 is divided by 1149.
844
What is the remainder when 98473 is divided by 11762?
4377
What is the remainder when 4467376 is divided by 33?
1
Calculate the remainder when 4042514 is divided by 676.
34
Calculate the remainder when 290680596 is divided by 192122.
10
What is the remainder when 1307201 is divided by 186698?
315
What is the remainder when 1052330 is divided by 21?
20
What is the remainder when 81972 is divided by 1068?
804
What is the remainder when 16883 is divided by 752?
339
Calculate the remainder when 772932 is divided by 452.
12
What is the remainder when 2945393 is divided by 29451?
293
Calculate the remainder when 2667786 is divided by 38.
34
What is the remainder when 4037148 is divided by 1179?
252
What is the remainder when 10962937 is divided by 644873?
96
What is the remainder when 4501709 is divided by 375136?
77
Calculate the remainder when 141908 is divided by 1066.
130
Calculate the remainder when 370426 is divided by 2405.
56
Calculate the remainder when 27275 is divided by 27222.
53
Calculate the remainder when 7142444 is divided by 9784.
124
What is the remainder when 25368971 is divided by 137?
133
What is the remainder when 134481 is divided by 66659?
1163
Calculate the remainder when 43049930 is divided by 19.
15
What is the remainder when 7990521 is divided by 3995247?
27
What is the remainder when 5975 is divided by 3351?
2624
What is the remainder when 2498964 is divided by 277662?
6
What is the remainder when 185284 is divided by 26466?
22
What is the remainder when 70592 is divided by 11757?
50
What is the remainder when 468597 is divided by 1896?
285
What is the remainder when 37850 is divided by 9446?
66
What is the remainder when 7306682 is divided by 822?
746
What is the remainder when 14710871 is divided by 1623?
1622
What is the remainder when 31120127 is divided by 15560042?
43
Calculate the remainder when 28704662 is divided by 1975.
12
What is the remainder when 8078612 is divided by 71492?
16
Calculate the remainder when 3930861 is divided by 1310285.
6
What is th